f k?
2
Let u = 2 + 8. Suppose 0 = -v + 4*v - 2*w + u, -2*v = -w + 5. What is the units digit of 22/3*(v - -3)?
2
Suppose -3*o - 2*w = -88, o = 4*o - 5*w - 116. Suppose 3*i = 25 + o. What is the units digit of i?
9
Suppose 5*z - z = 0. Suppose 5*o + 0*o + 2*s = z, 0 = 4*o + 2*s - 2. What is the units digit of 9/o*(-6)/3?
9
Suppose 37*f - 38*f = -57. What is the units digit of f?
7
Let t be 0/((-2)/((-2)/(-2))). Suppose 4*y - 3*y - 3 = t. What is the units digit of (-1 + 1)/(-1) + y?
3
Suppose -2*k = 6, -5*w + 0*k + k = -153. What is the tens digit of w?
3
Let v(s) = 50*s**2 - 2*s + 2. What is the units digit of v(1)?
0
Let q be (2/(-3))/((-10)/1695). Suppose h - n - 52 = 0, -3*h - n + q = -h. What is the units digit of h?
5
Let h(p) = p - 3. Let z be h(9). Suppose -205 = -z*c + c. What is the tens digit of c?
4
Suppose 2*d + 12 = 3*t + t, -3*t = -d - 7. Let x(p) = -p**3 - 4*p**2 - p + 2. What is the units digit of x(d)?
6
Suppose -2*s + 2*n + 84 = 0, -4*n = 3*s - 79 - 54. What is the tens digit of s?
4
Let n = 118 - 15. What is the tens digit of n?
0
Let i(k) = -k**3 + 7*k**2 + 9*k + 3. What is the units digit of i(8)?
1
Suppose 3*u - 43 - 122 = -3*d, 2*u - 110 = 3*d. What is the units digit of u?
5
Suppose -5*f = 38 - 143. Let n = 32 - f. What is the tens digit of n?
1
Let w = 223 + -157. What is the units digit of w?
6
Let l = 204 + -74. What is the units digit of l?
0
Suppose 19*a - 16*a = -m + 382, -m + 388 = 5*a. What is the tens digit of m?
7
Let c be ((-3)/4)/(2/(-8)). Suppose 11 + 19 = c*i. What is the units digit of (8/i)/(8/20)?
2
Let s be 110/(-15) - 2/(-6). Let k(h) = -h**3 - 6*h**2 + 6*h - 5. Let y be k(s). Let v = y + 6. What is the units digit of v?
8
Let f(q) = -4*q - 1 - 5 + 0*q + 4. What is the units digit of f(-2)?
6
Let w = -109 + 182. What is the units digit of w?
3
Let g(x) = -x**2 + 13*x - 11. Suppose 4*i - 28 = -2*z - 2*z, -i - 4 = 0. What is the units digit of g(z)?
1
Let c(j) = -j**3 + 9*j**2 - 5*j + 3. Let v(d) = -2*d - 4. Let s be v(-6). What is the units digit of c(s)?
7
Let x(p) = -p**2 - 11*p + 7. Let w be x(-7). Suppose -4*r = r - w. What is the units digit of r?
7
Let b(c) = 4*c**3 + c - 4. Let j(z) = -8*z**3 - 2*z + 7. Let g(h) = 7*b(h) + 4*j(h). Let w be (8/(-24))/((-2)/(-6)). What is the units digit of g(w)?
5
What is the units digit of (-3)/(18/(-1312)) - (-10)/(-6)?
7
Suppose 6 = -f + 3*f. Suppose -4 = f*s - 1. Let y = s + 9. What is the units digit of y?
8
Let n(m) = -91*m - 1. Let g be n(-2). Suppose 5*a + 32 + 81 = 2*t, -4*t - 5*a + g = 0. What is the units digit of t?
9
Let l = 5 + 7. What is the tens digit of l?
1
Let f(y) = -y. Let r be f(3). Let l be (-2)/r*42/4. Suppose 4*c = a + 14 + l, 3*c + 3*a = 12. What is the units digit of c?
5
Let q(z) = -z - 10. Let x be q(-8). What is the units digit of (8/x - -2)*-5?
0
Let p(j) = j**3 + 8*j**2 + 3*j - 2. Let t be p(-7). Suppose 4*r - 4*b + 12 = 140, r + 5*b = t. What is the units digit of r?
1
Let b(n) = 3*n - 4 - 6*n**2 - 4*n + 4 + 4 - n**3. Let i be b(-6). Let r = i + 1. What is the tens digit of r?
1
Let c be 172/5 + 8/(-20). Let z = c - 21. What is the tens digit of z?
1
Let i = -11 - -7. Let h be (-4396)/(-63) - i/18. Suppose 3*p + 4*m - h = -11, p - 33 = -4*m. What is the tens digit of p?
1
Let c(d) = d**2 + 8*d - 13. Let l(v) = v**2 - 6*v + 4. Let m be l(6). Suppose -3*k - 34 = -m. What is the units digit of c(k)?
7
Suppose -198 - 384 = -3*f. What is the units digit of f?
4
Let z(j) = -6*j - 6. Let b be z(-4). Let m = 4 - 2. Suppose -m*t = t - b. What is the units digit of t?
6
Suppose -2*n - 2*n = -8. Suppose -20 = -w + n. Let g = -3 + w. What is the tens digit of g?
1
Suppose 10*t - 459 = 341. What is the units digit of t?
0
Let l = -34 - -4. What is the units digit of ((-12)/l)/(1/5)?
2
Let j = 7 + -3. Suppose -3*a = -5*g - 17, -j*a + a = 3. What is the units digit of 2 - 1 - (-10 - g)?
7
Suppose 10 = -3*y + 8*y. Suppose -5*k = 2*m - 6 - 31, -27 = -y*m + 5*k. What is the tens digit of m?
1
What is the units digit of (-4)/14 + (-5472)/(-42)?
0
Let q(g) = -g + 8. Let i be q(6). What is the units digit of ((-3)/i)/((-1)/2)?
3
What is the tens digit of (-1929)/(-45) + (-4)/(-30)?
4
Let u(s) = s**3 + s**2 + 34. What is the tens digit of u(0)?
3
Let m be (-3)/(-9) + (-15)/(-9). Suppose 20 = 4*f + m*l, -24 = -3*f + 3*l - 0*l. What is the units digit of f?
6
Let z = -1 - -3. Suppose 2*o = o - w + 10, -z*o - 5*w + 32 = 0. What is the units digit of o?
6
Suppose 0 = 4*q - q + 3. Let s = 7 - 2. Let r = q + s. What is the units digit of r?
4
Let b = -7 + 7. Suppose b = 2*p - 3*g - 4, -p - 5*g + 5 = -2*p. What is the units digit of p?
5
Let j be 8 - 1/((-3)/(-6)). Suppose -3*i = 3*m - j, -2*i = 2*i + 2*m. What is the units digit of (42/i)/(-3) + -2?
5
Let p(j) = 3*j + 1. Let d be p(1). Suppose d = -4*m - 0*m. What is the units digit of (m + 10)/(9/6)?
6
Suppose -5*a + l = -242, 2*l = -l - 6. Suppose 0 = 3*f - a - 9. What is the units digit of f?
9
Suppose -27 = -5*a - 2. Suppose a*q = 5*s + 95, -5*s + 0*s + 105 = 5*q. Suppose -2 = 3*k - q. What is the units digit of k?
6
Let n(k) = -k**3 - 7*k**2. Let j be n(-6). Let l = 51 + j. What is the units digit of l?
5
Let j = -745 + 1136. What is the units digit of j?
1
Let p = 62 + -5. What is the tens digit of p?
5
What is the hundreds digit of (-3 + (-48)/(-3))*8?
1
Let z(y) = -21*y**3 + y**2. Let w be z(-1). Let p = -1 + w. What is the tens digit of p?
2
Suppose -4*z - 1074 = -8*z + 2*q, -5*q = 5*z - 1380. What is the units digit of z?
1
Suppose 3*a = 15 + 42. What is the units digit of a?
9
What is the tens digit of (267/9 - 3)*3?
8
Suppose 15 = -3*j + 2*j + 3*k, 12 = 4*k. Suppose 3*o = o - 20. Let q = j - o. What is the units digit of q?
4
Let u(o) = 3*o + 3. Let b(t) = -2*t - 2. Let a(w) = -5*b(w) - 3*u(w). What is the units digit of a(1)?
2
Let w(u) = u**2 - 5*u. Let g be w(4). What is the units digit of (-1 - g)*(-8)/(-6)?
4
Let p(i) = i**2 - i + 11. What is the units digit of p(5)?
1
Let y be 1/(-4) - (-373)/4. Suppose 0 = -5*z - 2*m + 88, m = -5*z + 4*m + y. What is the units digit of z?
8
Let d(i) = i**2 - 4*i - 4. Let u be d(5). Let j = 3 - u. What is the units digit of j?
2
Let r(m) = -2*m - m - 13 + 10*m**2 + 3*m**3 - 2*m**3 + 2. What is the tens digit of r(-10)?
1
Let d = -18 - -13. Let s = -2 - d. What is the units digit of s?
3
Let n(b) = -11*b - 2. What is the tens digit of n(-3)?
3
Let s be (-61)/(-7) + 4/14. Let h = 14 - s. What is the units digit of h?
5
Let p(w) = -w**3 - w**2 - w + 1. Let q(d) = 3*d**3 - 8*d**2 - 3*d + 12. Let x(v) = -2*p(v) - q(v). What is the tens digit of x(10)?
3
Let s be 0*(-1 - 3/(-6)). Suppose -2*m + 5 + 51 = s. What is the tens digit of m?
2
Let v(y) = -y**3 + 2*y**2 + 2*y - 1. Let x be v(3). Let s be 2/x - (-33)/2. What is the units digit of s*((-2)/8 + 1)?
2
Let q(w) = -4*w - 4. What is the units digit of q(-6)?
0
Let d = -23 - -14. Let r = -11 - -5. Let u = r - d. What is the units digit of u?
3
Suppose -2*b + 16 = 4. Suppose 0 = -5*t + 1 - b. What is the tens digit of t*(45/(-3) - 1)?
1
Let y(s) = s**2 - s. Let n be y(2). Let z be 0*(0 - n/(-4)). Let w = z + 8. What is the units digit of w?
8
Suppose 2*r = -4*p + 12, -3*r = -3*p - 8*r - 5. Suppose -3*z + p = -4. What is the units digit of z?
3
Let n(p) = p**2 - p - 5. Let o be n(-9). Suppose -3*x = 2*x - o. What is the tens digit of x?
1
What is the tens digit of 12 + -16 - (0 + -135)?
3
Let y = 0 - -4. Let a be y*(4 - 2)/(-2). Let f = -2 - a. What is the units digit of f?
2
Suppose -4*k = r + r - 496, 0 = 3*r - 12. What is the units digit of k?
2
Let a(d) = -1 + d**2 - 1 - 3*d - 4*d. Let h be a(8). Suppose -c - 20 = -h*c. What is the units digit of c?
4
Let c = -1 + 2. Let d = 15 - c. What is the units digit of d?
4
Suppose -3 = r + 4. Let y = -3 - r. Suppose 2*d + 2 + 7 = 5*j, -3*j = -y*d + 3. What is the units digit of j?
3
Let w(k) = k**3 - 8*k**2 + k - 2. Suppose 4*g = 5*g. Suppose 6*h - 16 = 3*h + 2*c, g = 2*h - 5*c + 4. What is the units digit of w(h)?
6
Suppose -490 = -5*w + 5*k + 280, 0 = 5*w + 4*k - 815. What is the units digit of w?
9
Suppose -2*y - j - j = -16, -5*y = 2*j - 43. Suppose -2*z + y = -13. What is the tens digit of z?
1
Let g(w) = -w**3 + 7*w**2 - 4. What is the units digit of g(6)?
2
